834755.
3, 5, 722317
What are the prime factors of 1832968463?
23, 47, 1695623
List the prime factors of 62949232.
2, 17, 231431
List the prime factors of 175391007.
3, 11, 211, 25189
What are the prime factors of 141552022?
2, 70776011
List the prime factors of 171926982.
2, 3, 103, 30911
List the prime factors of 2717825214.
2, 3, 13, 206177
What are the prime factors of 7760813?
7760813
List the prime factors of 2197676152.
2, 7, 3863, 10159
List the prime factors of 54444582.
2, 3, 1008233
List the prime factors of 1051724011.
13, 31, 367, 547
List the prime factors of 84046851.
3, 7, 1334077
List the prime factors of 2015061967.
19, 106055893
List the prime factors of 109765577.
109765577
What are the prime factors of 1450455190?
2, 5, 145045519
List the prime factors of 41048053.
593, 69221
List the prime factors of 45748438.
2, 83, 275593
What are the prime factors of 641030744?
2, 47, 109, 15641
List the prime factors of 6330666207.
3, 199, 10604131
List the prime factors of 3048104577.
3, 7, 145147837
List the prime factors of 24177327.
3, 263, 30643
What are the prime factors of 174933409?
7, 24990487
List the prime factors of 36744783.
3, 127, 96443
List the prime factors of 549001641.
3, 677, 270311
List the prime factors of 432592543.
59, 7332077
List the prime factors of 47319030.
2, 3, 5, 11, 47797
List the prime factors of 73074709.
4421, 16529
What are the prime factors of 345458935?
5, 367, 188261
List the prime factors of 84178120.
2, 5, 13, 161881
What are the prime factors of 787921131?
3, 929, 282713
List the prime factors of 1697224186.
2, 7, 71, 659, 2591
What are the prime factors of 149237915?
5, 23, 29, 73, 613
List the prime factors of 28745248.
2, 7, 128327
What are the prime factors of 50057845?
5, 887, 11287
What are the prime factors of 160153689?
3, 29, 1840847
List the prime factors of 852548133.
3, 67, 239, 17747
List the prime factors of 115024166.
2, 157, 337, 1087
List the prime factors of 388594684.
2, 47, 2066993
What are the prime factors of 109952078?
2, 41, 1340879
What are the prime factors of 27204651?
3, 353, 8563
What are the prime factors of 1995597011?
30449, 65539
What are the prime factors of 1936946958?
2, 3, 322824493
List the prime factors of 751981648.
2, 11, 61, 89, 787
List the prime factors of 71080982.
2, 7, 61, 83233
What are the prime factors of 7037514945?
3, 5, 156389221
What are the prime factors of 46648711?
46648711
List the prime factors of 1600838685.
3, 5, 5051, 7043
List the prime factors of 28682180.
2, 5, 1434109
What are the prime factors of 161110066?
2, 13, 109, 4373
List the prime factors of 536938033.
43, 109, 1051
List the prime factors of 1381294848.
2, 3, 43, 151, 277
What are the prime factors of 101284537?
53, 1911029
List the prime factors of 1484424070.
2, 5, 43, 59, 58511
List the prime factors of 4846372427.
13, 17, 19, 1154173
What are the prime factors of 1476359425?
5, 269, 219533
What are the prime factors of 4770953462?
2, 11, 59, 991, 3709
List the prime factors of 77030996.
2, 7, 773, 3559
List the prime factors of 3793885102.
2, 7, 389, 599, 1163
What are the prime factors of 11066647?
11066647
What are the prime factors of 316544924?
2, 151, 524081
List the prime factors of 1918618418.
2, 137, 7002257
List the prime factors of 145077566.
2, 71, 1021673
What are the prime factors of 71415607?
47, 83, 18307
List the prime factors of 46759297.
13, 3596869
What are the prime factors of 1482940713?
3, 107, 1783, 2591
List the prime factors of 3823666917.
3, 7, 109, 773, 2161
List the prime factors of 14680575.
3, 5, 7, 13, 239
List the prime factors of 1430243618.
2, 307, 2329387
What are the prime factors of 451026066?
2, 3, 19, 1069, 3701
What are the prime factors of 84116262?
2, 3, 233, 60169
What are the prime factors of 253397164?
2, 23, 37, 74441
List the prime factors of 164347952.
2, 10271747
List the prime factors of 193824897.
3, 7, 9229757
What are the prime factors of 1098979038?
2, 3, 19, 71, 45259
What are the prime factors of 108580054?
2, 11, 17, 41, 73, 97
What are the prime factors of 46638918?
2, 3, 43, 60257
List the prime factors of 1650110847.
3, 7, 11, 1571, 4547
What are the prime factors of 181168282?
2, 1021, 88721
What are the prime factors of 166601771?
7, 23800253
List the prime factors of 172470021.
3, 57490007
What are the prime factors of 9165687?
3, 3055229
What are the prime factors of 432229531?
47, 9196373
What are the prime factors of 23440184?
2, 977, 2999
List the prime factors of 3037102199.
16481, 184279
What are the prime factors of 86456501?
2711, 31891
What are the prime factors of 142990639?
11, 12999149
What are the prime factors of 2619476957?
67, 39096671
List the prime factors of 73331567.
23, 67, 2069
List the prime factors of 6862183887.
3, 13, 19, 73, 126859
List the prime factors of 874663422.
2, 3, 145777237
What are the prime factors of 6043480050?
2, 3, 5, 40289867
What are the prime factors of 148993366?
2, 43, 661, 2621
List the prime factors of 4319491.
11, 37, 10613
List the prime factors of 1635208697.
1635208697
List the prime factors of 5460513616.
2, 341282101
What are the prime factors of 69035275?
5, 2761411
What are the prime factors of 136137041?
136137041
What are the prime factors of 2537644366?
2, 17, 74636599
List the prime factors of 157689409.
191, 227, 3637
List the prime factors of 407479233.
3, 7, 19403773
What are the prime factors of 186858903?
3, 7, 11, 73, 1583
List the prime factors of 5495854.
2, 7, 13, 30197
List the prime factors of 33837893.
33837893
List the prime factors of 13877770.
2, 5, 31, 89, 503
What are the prime factors of 722353404?
2, 3, 113, 532709
List the prime factors of 27988064.
2, 13, 19, 3541
List the prime factors of 1607187367.
1847, 870161
What are the prime factors of 482781605?
5, 149, 648029
List the prime factors of 42407046.
2, 3, 11, 214177
List the prime factors of 71550443.
7907, 9049
List the prime factors of 2766850404.
2, 3, 71, 3247477
What are the prime factors of 182198465?
5, 41, 888773
List the prime factors of 78496792.
2, 11, 23, 38783
What are the prime factors of 120872112?
2, 3, 1567, 1607
What are the prime factors of 500682761?
89, 5625649
List the prime factors of 5184259287.
3, 1728086429
List the prime factors of 77570387.
77570387
List the prime factors of 95425450.
2, 5, 41, 46549
What are the prime factors of 2120141106?
2, 3, 19, 29, 241, 887
List the prime factors of 80132755.
5, 16026551
List the prime factors of 1540482506.
2, 17, 45308309
List the prime factors of 310205456.
2, 11, 1762531
List the prime factors of 420201658.
2, 59, 373, 9547
What are the prime factors of 134728376?
2, 283, 59509
List the prime factors of 6423572590.
2, 5, 37, 383, 45329
What are the prime factors of 1619956763?
229, 7074047
What are the prime factors of 493820666?
2, 233, 1059701
What are the prime factors of 1586509911?
3, 7, 25182697
List the prime factors of 3440292501.
3, 97, 547, 21613
List the prime factors of 22442476.
2, 7, 801517
List the prime factors of 248205063.
3, 82735021
What are the prime factors of 266053188?
2, 3, 71, 312269
What are the prime factors of 2217985225?
5, 47, 229, 8243
What are the prime factors of 894416559?
3, 298138853
List the prime factors of 36881937.
3, 107, 38299
What are the prime factors of 179390430?
2, 3, 5, 37, 17957
List the prime factors of 105824888.
2, 13, 53, 73, 263
List the prime factors of 1131307470.
2, 3, 5, 2897, 4339
List the prime factors of 107183294.
2, 19, 59, 47807
What are the prime factors of 43748530?
2, 5, 7, 23, 29, 937
What are the prime factors of 65019648?
2, 3, 31, 2731
List the prime factors of 216810105.
3, 5, 2273, 6359
List the prime factors of 31405887.
3, 387727
List the prime factors of 169523304.
2, 3, 313, 22567
List the prime factors of 232399358.
2, 773, 150323
What are the prime factors of 102727462?
2, 53, 97, 103
What are the prime factors of 240019737?
3, 80006579
List the prime factors of 600834286.
2, 13, 887, 26053
List the prime factors of 18012799.
7, 29, 89, 997
List the prime factors of 1633423737.
3, 11, 137, 439, 823
What are the prime factors of 679145369?
7, 9337, 10391
What are the prime factors of 322833817?
322833817
What are